se 16) in base 9?
23317
What is -12dc8d (base 15) in base 8?
-3354105
-44000014 (base 5) to base 13
-1018cb
30100301333 (base 4) to base 15
437678
-691ae8 (base 16) to base 14
-cb43a0
Convert 102022322320 (base 4) to base 12.
1718674
2171530 (base 8) to base 9
1083570
Convert 110102133 (base 4) to base 10.
83103
-11979 (base 14) to base 8
-124027
Convert -112003313 (base 4) to base 5.
-10342414
Convert -102020020111 (base 3) to base 8.
-657606
Convert -567253 (base 15) to base 3.
-21202120010120
What is -10121 (base 7) in base 2?
-100110100001
6bb4b3 (base 12) to base 11
a89992
What is 10314554 (base 7) in base 10?
878021
What is -89febd (base 16) in base 8?
-42377275
What is 20022012222 (base 3) in base 13?
44636
50110534 (base 7) to base 16
3f20e9
What is -103122023 (base 5) in base 15?
-8b00d
What is -2102312 (base 5) in base 13?
-12a4a
What is 22122111211211 (base 3) in base 12?
1657a34
Convert -454326 (base 9) to base 15.
-559a9
What is -2ab78 (base 12) in base 13?
-21674
132112 (base 9) to base 10
80282
Convert 520010 (base 6) to base 8.
121006
Convert 122001120121 (base 3) to base 2.
1010001111110010001
Convert -281908 (base 10) to base 9.
-468631
Convert 6748b8 (base 14) to base 2.
1101011000100101010010
Convert 33702545 (base 8) to base 6.
420352153
390084 (base 14) to base 4
13132112210
What is -47462042 (base 8) in base 2?
-100111100110010000100010
472177 (base 8) to base 15
32a15
What is -520410034 (base 6) in base 9?
-17822424
What is 311203020 (base 4) in base 15?
44ec6
What is -857c8 (base 14) in base 5?
-40310341
What is c822c (base 13) in base 3?
200022202200
Convert -3798a (base 12) to base 9.
-124757
-202656 (base 9) to base 2
-11101010100011101
20055202 (base 6) to base 5
121130011
Convert -3341266 (base 7) to base 9.
-700141
Convert 29f77 (base 16) to base 4.
221331313
What is 122221021200 (base 3) in base 11?
221279
What is 4809476 (base 11) in base 2?
11111111111101001111110
-3043240 (base 10) to base 2
-1011100110111110101000
-1100202222 (base 3) to base 2
-110100010111010
a2b7 (base 12) to base 5
1031312
Convert 210220120120012 (base 3) to base 9.
23816505
Convert -3fb80 (base 16) to base 14.
-6b184
What is -326668 (base 9) in base 8?
-575167
What is -8975b (base 15) in base 14?
-b53ac
What is 2778a6 (base 16) in base 3?
11212102102001
2121155 (base 6) to base 4
121120133
What is -41a67 (base 13) in base 16?
-1cdc8
2670158 (base 9) to base 4
11211033011
Convert -11460060 (base 7) to base 16.
-f9b94
Convert 58175b (base 12) to base 5.
330202410
-1010001000001010101111 (base 2) to base 9
-4885743
What is -103287 (base 10) in base 15?
-2090c
What is -101012120120 (base 3) in base 16?
-310bf
Convert c2db2 (base 16) to base 5.
201020010
What is 203111120 (base 4) in base 15?
2cd38
-2020000200 (base 3) to base 12
-213a6
What is 46717160 (base 8) in base 12?
34b9ba8
What is 1828823 (base 9) in base 13?
29aac5
246aa (base 12) to base 9
74654
What is -20004002144 (base 5) in base 13?
-40a0717
Convert -20244414 (base 6) to base 16.
-8dffa
-6ac83 (base 15) to base 9
-567746
What is 5627 (base 16) in base 10?
22055
Convert -3222120 (base 5) to base 9.
-82873
Convert -1311212 (base 6) to base 14.
-1c128
Convert 60a052 (base 13) to base 11.
12a7339
-278611 (base 15) to base 16
-1d03b3
What is a4bb4 (base 12) in base 3?
101222021201
Convert -56153 (base 8) to base 16.
-5c6b
11110000121 (base 3) to base 14
23c5a
-3111646 (base 7) to base 14
-99c26
-1001000000101011010001 (base 2) to base 10
-2362065
Convert -babd00 (base 14) to base 4.
-120022020130
511421532 (base 6) to base 11
4a42671
What is 6372045 (base 8) in base 3?
10012102012100
Convert 363775 (base 10) to base 16.
58cff
What is -4312b (base 14) in base 6?
-3250335
Convert -561129 (base 11) to base 9.
-1613122
What is -1343113122 (base 5) in base 12?
-12029b5
What is -574808 (base 10) in base 15?
-b54a8
35440401 (base 6) to base 11
698666
Convert -16321334 (base 7) to base 13.
-436697
What is -229710 (base 11) in base 14?
-96a3b
-62158 (base 12) to base 16
-1f454
-459347 (base 14) to base 15
-31bc9d
What is -75795 (base 14) in base 12?
-11851b
Convert -c293a (base 14) to base 4.
-1302111020
What is 50041121 (base 6) in base 13?
3a274b
Convert 2edd68 (base 15) to base 5.
1040240043
What is 200212011220 (base 3) in base 4?
1122213321
Convert -1021504 (base 7) to base 5.
-12414133
141244 (base 7) to base 9
40781
-411757 (base 8) to base 4
-201033233
Convert -593440 (base 10) to base 14.
-1163a8
-400344032 (base 5) to base 16
-1807ec
-304226514 (base 7) to base 13
-38c5746
Convert -166580 (base 13) to base 6.
-15533422
201004343 (base 5) to base 11
4a5176
What is -21212001220201 (base 3) in base 13?
-b31c49
-2232122211 (base 4) to base 10
-714405
What is 8a042 (base 13) in base 7?
2062233
Convert 213320200 (base 7) to base 15.
11c125d
100101111001001000 (base 2) to base 4
211321020
5b55a (base 13) to base 15
34b2c
What is -6060055 (base 7) in base 14?
-14a72c
916858 (base 14) to base 7
56423541
-3311302223 (base 4) to base 11
-62843a
10011011100100001100 (base 2) to base 6
21353552
-55520443 (base 7) to base 11
-2785633
Convert 101110100100011111110 (base 2) to base 5.
342313024
-11341310133 (base 5) to base 14
-1a84dbb
-131161 (base 16) to base 15
-19a3dd
11001001100010000000001 (base 2) to base 13
14a2a7b
Convert 632216 (base 10) to base 4.
2122112120
Convert 2202212120 (base 3) to base 13.
1bac8
What is -31332323201 (base 4) in base 5?
-1414300013
Convert -14881 (base 11) to base 13.
-9751
Convert 550539 (base 10) to base 5.
120104124
-1043116 (base 7) to base 8
-372530
d64d3 (base 14) to base 10
516841
Convert 4157717 (base 10) to base 9.
7736275
What is 4124225 (base 7) in base 2?
1111000100001111110
What is 4500224 (base 8) in base 5?
302300224
Convert -10000010000111101010 (base 2) to base 7.
-4346564
What is -178113 (base 10) in base 7?
-1341165
1041334 (base 5) to base 7
104324
Convert 1613403 (base 7) to base 2.
110110001110101000
1031433231 (base 5) to base 6
115312125
What is -129622 (base 12) in base 14?
-7db06
-16044 (base 15) to base 6
-1304231
Convert 1a9374 (base 15) to base 5.
312444114
-31102333113 (base 4) to base 8
-15227727
Convert 1834a0e (base 15) to base 11.
9a54150
Convert -125311534 (base 6) to base 9.
-4626314
What is 234bd6 (base 15) in base 8?
6336421
What is -125 (base 12) in base 8?
-255
What is 4a818a0 (base 11) in base 12?
2b5202b
What is -1100110101001100110010 (base 2) in base 13?
-90a021
What is -48a13 (base 11) in base 9?
-116552
Convert 53470 (base 8) to base 6.
251212
What is -45bb09 (base 14) in base 4?
-21010000231
Convert 110101010101101100011011 (base 2) to base 16.
d55b1b
-2b20d5 (base 14) to base 10
-1503899
421022 (base 5) to base 14
50bd
Convert -27613242 (base 8) to base 2.
-10111110001011010100010
-12120011210 (base 3) to base 9
-176153
Convert -35355043 (base 6) to base 16.
-10d883
What is -9042b (base 13) in base 3?
-111002120202
Convert 24482 (base 12) to base 2.
1011111110100010
What is -17efcb (base 16) in base 15?
-20ec10
1288058 (base 9) to base 6
23101212
Convert -7608679 (base 11) to base 10.
-13378693
What is a5bc2 (base 13) in base 2?
1001000111001110100
Convert 2660731 (base 11) to base 12.
1658b77
What is c5a14 (base 15) in base 13?
18c2c5
Convert 1010000110011110111 (base 2) to base 16.
50cf7
What is -23cea (base 15) in base 8?
-337167
Convert -7226206 (base 8) to base 2.
-111010010110010000110
Convert -255835 (base 11) to base 14.
-a6bd6
What is -106985 (base 12) in base 2?
-111111100111110101
What is 20001302 (base 4) in base 16?
8072
Convert -210304131 (base 5) to base 12.
-35b08b
77d07 (base 14) to base 7
2320310
What is 177467 (base 8) in base 16?
ff37
-100222222110 (base 3) to base 14
-51a23
66157 (base 9) to base 10
43873
15331004 (base 6) to base 5
114300102
Convert -24024344 (base 5) to base 8.
-656667
What is -63365450 (base 7) in base 16?
-51cd52
Convert 23252544 (base 6) to base 8.
2603120
What is -1102220302 (base 4) in base 7?
-2606554
Convert 1131a5 (base 12) to base 15.
5674b
126897 (base 10) to base 8
367661
Convert -274504 (base 8) to base 6.
-2023044
-597814 (base 13) to base 8
-10100526
1011210200020 (base 3) to base 9
1153606
Convert 58655 (base 10) to base 15.
125a5
What is 320213112 (base 4